{"id":100,"date":"2018-09-03T22:45:39","date_gmt":"2018-09-03T20:45:39","guid":{"rendered":"http:\/\/agnesstevenin.com\/?page_id=100"},"modified":"2023-01-25T12:26:41","modified_gmt":"2023-01-25T11:26:41","slug":"liens-utiles","status":"publish","type":"page","link":"https:\/\/agnesstevenin.com\/index.php\/liens-utiles\/","title":{"rendered":"Liens utiles"},"content":{"rendered":"<p><strong>Mes deux filles<\/strong><\/p>\n<p>Clara et Laura Laperrousaz sont \u00e9nergith\u00e9rapeutes. Avec l\u2019aide des Guides et Forces de Lumi\u00e8re qu&#8217;elles canalisent, elles\u00a0r\u00e9alisent\u00a0un travail holistique tr\u00e8s profond, tout en douceur. Nous sommes compl\u00e9mentaires et travaillons en \u00e9quipe.<\/p>\n<p>Clara pratique des soins de l&#8217;\u00e2me (Archives Akashiques) qui harmonisent les \u00e9nergies et viennent lib\u00e9rer vos m\u00e9moires anciennes encore inscrites dans vos cellules. Vous retrouvez ainsi votre place, votre enracinement et votre rayonnement.<\/p>\n<p><a href=\"mailto:claralaperrousaz@gmail.com\">claralaperrousaz@gmail.com<\/a><\/p>\n<p>Laura\u00a0pratique\u00a0des soins de l&#8217;\u00e2me qui r\u00e9\u00e9quilibrent et permettent d\u2019\u00eatre revitalis\u00e9. Elle active et r\u00e9tablit la circulation entre les centres \u00e9nerg\u00e9tiques, lib\u00e8re les blessures et redonne leur pleine amplitude aux corps subtils, ce qui soulage le corps physique.<\/p>\n<p><a href=\"mailto:lauralaperrousaz@gmail.com\">lauralaperrousaz@gmail.com<\/a><\/p>\n<p><strong>Cours de Yoga:<\/strong> Pierre Mendras<\/p>\n<p><a href=\"http:\/\/gardenyoga.fr\/les-cours-de-yoga\/\" target=\"_blank\" rel=\"noopener\">www.gardenyoga.fr<\/a><\/p>\n<p><strong>Yoga et chamanisme\u00a0:<\/strong> Pierre Mendras et Sandrine Rossarie<\/p>\n<p><a href=\"http:\/\/www.yoga-chamanisme.com\">www.yoga-chamanisme.com<\/a><\/p>\n<p><strong>Mandalas\u00a0:<\/strong> B\u00e9atrice Stevenin\u00a0: 06\u00a086 37 63 13<\/p>\n<p><strong>Accompagnement du deuil d&#8217;un enfant:\u00a0<\/strong>Association Le point rose &#8211; Nathalie Paoli<\/p>\n<p><a href=\"http:\/\/www.le\u00a0pointrose.org\" target=\"_blank\" rel=\"noopener\">www.le\u00a0pointrose.org<\/a>\u00a0\u00a006 11 05 06 79.<\/p>\n","protected":false},"excerpt":{"rendered":"<p>Mes deux filles Clara et Laura Laperrousaz sont \u00e9nergith\u00e9rapeutes. Avec l\u2019aide des Guides et Forces de Lumi\u00e8re qu&#8217;elles canalisent, elles\u00a0r\u00e9alisent\u00a0un travail holistique tr\u00e8s profond, tout en douceur. Nous sommes compl\u00e9mentaires et travaillons en \u00e9quipe. Clara pratique des soins de l&#8217;\u00e2me &hellip; <a href=\"https:\/\/agnesstevenin.com\/index.php\/liens-utiles\/\">Lire la suite\u00ad\u00ad<\/a><\/p>\n","protected":false},"author":1,"featured_media":0,"parent":0,"menu_order":0,"comment_status":"closed","ping_status":"closed","template":"","meta":[],"_links":{"self":[{"href":"https:\/\/agnesstevenin.com\/index.php\/wp-json\/wp\/v2\/pages\/100"}],"collection":[{"href":"https:\/\/agnesstevenin.com\/index.php\/wp-json\/wp\/v2\/pages"}],"about":[{"href":"https:\/\/agnesstevenin.com\/index.php\/wp-json\/wp\/v2\/types\/page"}],"author":[{"embeddable":true,"href":"https:\/\/agnesstevenin.com\/index.php\/wp-json\/wp\/v2\/users\/1"}],"replies":[{"embeddable":true,"href":"https:\/\/agnesstevenin.com\/index.php\/wp-json\/wp\/v2\/comments?post=100"}],"version-history":[{"count":18,"href":"https:\/\/agnesstevenin.com\/index.php\/wp-json\/wp\/v2\/pages\/100\/revisions"}],"predecessor-version":[{"id":415,"href":"https:\/\/agnesstevenin.com\/index.php\/wp-json\/wp\/v2\/pages\/100\/revisions\/415"}],"wp:attachment":[{"href":"https:\/\/agnesstevenin.com\/index.php\/wp-json\/wp\/v2\/media?parent=100"}],"curies":[{"name":"wp","href":"https:\/\/api.w.org\/{rel}","templated":true}]}}

<p><strong>Mes deux filles</strong></p>
<p>Clara et Laura Laperrousaz sont énergithérapeutes. Avec l’aide des Guides et Forces de Lumière qu&#8217;elles canalisent, elles réalisent un travail holistique très profond, tout en douceur. Nous sommes complémentaires et travaillons en équipe.</p>
<p>Clara pratique des soins de l&#8217;âme (Archives Akashiques) qui harmonisent les énergies et viennent libérer vos mémoires anciennes encore inscrites dans vos cellules. Vous retrouvez ainsi votre place, votre enracinement et votre rayonnement.</p>
<p><a href="mailto:claralaperrousaz@gmail.com">claralaperrousaz@gmail.com</a></p>
<p>Laura pratique des soins de l&#8217;âme qui rééquilibrent et permettent d’être revitalisé. Elle active et rétablit la circulation entre les centres énergétiques, libère les blessures et redonne leur pleine amplitude aux corps subtils, ce qui soulage le corps physique.</p>
<p><a href="mailto:lauralaperrousaz@gmail.com">lauralaperrousaz@gmail.com</a></p>
<p><strong>Cours de Yoga:</strong> Pierre Mendras</p>
<p><a href="http://gardenyoga.fr/les-cours-de-yoga/" target="_blank" rel="noopener">www.gardenyoga.fr</a></p>
<p><strong>Yoga et chamanisme :</strong> Pierre Mendras et Sandrine Rossarie</p>
<p><a href="http://www.yoga-chamanisme.com">www.yoga-chamanisme.com</a></p>
<p><strong>Mandalas :</strong> Béatrice Stevenin : 06 86 37 63 13</p>
<p><strong>Accompagnement du deuil d&#8217;un enfant: </strong>Association Le point rose &#8211; Nathalie Paoli</p>
<p><a href="http://www.le pointrose.org" target="_blank" rel="noopener">www.le pointrose.org</a>  06 11 05 06 79.</p>

<p>Mes deux filles Clara et Laura Laperrousaz sont énergithérapeutes. Avec l’aide des Guides et Forces de Lumière qu&#8217;elles canalisent, elles réalisent un travail holistique très profond, tout en douceur. Nous sommes complémentaires et travaillons en équipe. Clara pratique des soins de l&#8217;âme &hellip; <a href="https://agnesstevenin.com/index.php/liens-utiles/">Lire la suite­­</a></p>
