{"id":108,"date":"2018-09-03T22:48:08","date_gmt":"2018-09-03T20:48:08","guid":{"rendered":"http:\/\/agnesstevenin.com\/?page_id=108"},"modified":"2023-01-25T12:31:38","modified_gmt":"2023-01-25T11:31:38","slug":"splendeur-des-ames-blessees-mama-edition","status":"publish","type":"page","link":"https:\/\/agnesstevenin.com\/index.php\/splendeur-des-ames-blessees-mama-edition\/","title":{"rendered":"Splendeur des \u00e2mes bless\u00e9es &#8211; MAMA Editions"},"content":{"rendered":"\n<figure class=\"wp-block-image size-large\"><img loading=\"lazy\" width=\"567\" height=\"826\" src=\"https:\/\/agnesstevenin.com\/wp-content\/uploads\/2023\/01\/agnes-stevenin-splendeur.png\" alt=\"\" class=\"wp-image-417\" srcset=\"https:\/\/agnesstevenin.com\/wp-content\/uploads\/2023\/01\/agnes-stevenin-splendeur.png 567w, https:\/\/agnesstevenin.com\/wp-content\/uploads\/2023\/01\/agnes-stevenin-splendeur-206x300.png 206w\" sizes=\"(max-width: 567px) 100vw, 567px\" \/><\/figure>\n\n\n<p>\u00a0<\/p>\n<p>\u00a0<\/p>\n<p><strong><a href=\"https:\/\/www.mamaeditions.com\/auteurs\/agnes-stevenin\">https:\/\/www.mamaeditions.com\/auteurs\/agnes-stevenin<\/a><\/strong><\/p>\n<p>\u00a0<\/p>\n<h3>Agn\u00e8s Stevenin et son livre Splendeur des \u00e2mes bless\u00e9es sur La T\u00e9l\u00e9 de Lilou Mac\u00e9:<\/h3>\n<p><a href=\"https:\/\/www.youtube.com\/watch?v=H1r9XtHeUck\"><img loading=\"lazy\" class=\"alignnone size-full wp-image-130\" src=\"http:\/\/agnesstevenin.com\/wp-content\/uploads\/2018\/09\/Agne\u0300s-Lilou-photo.png\" alt=\"\" width=\"251\" height=\"188\" \/><\/a><\/p>\n<p><strong><a href=\"https:\/\/www.youtube.com\/watch?v=H1r9XtHeUck\">Voir l&#8217;interview d&#8217; Agn\u00e8s Stevenin par Lilou Mac\u00e9 lors de la sortie du livre Splendeur des \u00e2mes bless\u00e9es<\/a><\/strong><\/p>\n<p>\u00a0<\/p>","protected":false},"excerpt":{"rendered":"<p>\u00a0 \u00a0 https:\/\/www.mamaeditions.com\/auteurs\/agnes-stevenin \u00a0 Agn\u00e8s Stevenin et son livre Splendeur des \u00e2mes bless\u00e9es sur La T\u00e9l\u00e9 de Lilou Mac\u00e9: Voir l&#8217;interview d&#8217; Agn\u00e8s Stevenin par Lilou Mac\u00e9 lors de la sortie du livre Splendeur des \u00e2mes bless\u00e9es \u00a0<\/p>\n","protected":false},"author":1,"featured_media":0,"parent":0,"menu_order":0,"comment_status":"closed","ping_status":"closed","template":"","meta":[],"_links":{"self":[{"href":"https:\/\/agnesstevenin.com\/index.php\/wp-json\/wp\/v2\/pages\/108"}],"collection":[{"href":"https:\/\/agnesstevenin.com\/index.php\/wp-json\/wp\/v2\/pages"}],"about":[{"href":"https:\/\/agnesstevenin.com\/index.php\/wp-json\/wp\/v2\/types\/page"}],"author":[{"embeddable":true,"href":"https:\/\/agnesstevenin.com\/index.php\/wp-json\/wp\/v2\/users\/1"}],"replies":[{"embeddable":true,"href":"https:\/\/agnesstevenin.com\/index.php\/wp-json\/wp\/v2\/comments?post=108"}],"version-history":[{"count":5,"href":"https:\/\/agnesstevenin.com\/index.php\/wp-json\/wp\/v2\/pages\/108\/revisions"}],"predecessor-version":[{"id":418,"href":"https:\/\/agnesstevenin.com\/index.php\/wp-json\/wp\/v2\/pages\/108\/revisions\/418"}],"wp:attachment":[{"href":"https:\/\/agnesstevenin.com\/index.php\/wp-json\/wp\/v2\/media?parent=108"}],"curies":[{"name":"wp","href":"https:\/\/api.w.org\/{rel}","templated":true}]}}