{"id":171,"date":"2018-09-05T11:45:45","date_gmt":"2018-09-05T09:45:45","guid":{"rendered":"http:\/\/agnesstevenin.com\/?page_id=171"},"modified":"2021-10-17T21:35:52","modified_gmt":"2021-10-17T19:35:52","slug":"quelques-extraits-du-livre-splendeur-des-ames-blessees","status":"publish","type":"page","link":"https:\/\/agnesstevenin.com\/index.php\/quelques-extraits-du-livre-splendeur-des-ames-blessees\/","title":{"rendered":"Quelques extraits du livre Splendeur des \u00e2mes bless\u00e9es"},"content":{"rendered":"<p><img loading=\"lazy\" class=\"size-full wp-image-86 alignleft\" src=\"http:\/\/agnesstevenin.com\/wp-content\/uploads\/2018\/09\/livre2-agnes-1.jpeg\" alt=\"\" width=\"179\" height=\"282\" \/>J\u2019aurais pu appeler ce livre\u00a0: <em>Exp\u00e9rience d\u2019une soigneuse, le retour<\/em>. J\u2019ai pr\u00e9f\u00e9r\u00e9 <em>Splendeur des \u00e2mes bless\u00e9es<\/em>.<\/p>\n<p>Car ce titre refl\u00e8te ma r\u00e9alit\u00e9 quotidienne. Chaque jour, j\u2019entre en r\u00e9sonance avec les blessures profondes de ceux qui viennent chez moi pour recevoir un soin. Notre \u00e2me est splendide et \u00e9ternelle. Mais en chacun de nous g\u00e9missent, pleurent ou grondent des parts bless\u00e9es.<\/p>\n<p>Comme un chirurgien sait r\u00e9parer l\u2019intime de nos corps, comme un m\u00e9decin sait redonner la sant\u00e9, comme un psychologue sait \u00e9couter et nous remettre dans le rail du bien aller, mon travail est de soigner. Dans mon approche, c\u2019est l\u2019\u00e2me qui me livre ses secrets.<\/p>\n<p>Apaiser ce qui souffre, redonner un sens au chemin, soulager le corps, calmer, adoucir, permettent \u00e0 notre \u00e2me de retrouver sa lumi\u00e8re, celle qui lors d\u2019une s\u00e9ance se met souvent \u00e0 irradier. \u00c0 resplendir. Parfois, m\u00eame, \u00e0 flamboyer.<\/p>\n<p>L\u00e0 se r\u00e9v\u00e8le la splendeur qui r\u00e9side en chacun.<\/p>\n<p>Splendeur, aussi, comme celle des mondes invisibles. Des \u00eatres lumineux qui nous guident. Comme celle de notre soi divin entr\u2019aper\u00e7u ou retrouv\u00e9.<\/p>\n<p>Splendeur de notre humanit\u00e9 qui se cherche, se gu\u00e9rit, se lib\u00e8re. Splendeur de tous les jours, des instants de bonheur que l\u2019on vit \u00e0 regarder le ciel, et \u00e0 se rappeler. Splendeur d\u2019\u00eatre en vie sur la Terre, dans un corps de chair qui aime, d\u00e9sire, donne et re\u00e7oit dans un mouvement constant, en lien intime avec notre \u00e2me, elle-m\u00eame interface de l\u2019infiniment Grand.<\/p>\n<p>Splendeur des regards, \u00e0 la fin des s\u00e9ances.<\/p>\n<p>De la paix retrouv\u00e9e.<\/p>\n<p>Cette splendeur, de tout mon c\u0153ur je vous l\u2019offre au travers de mes mots, en \u00e9mettant le v\u0153u qu\u2019elle s\u2019\u00e9panouisse en vous, qu\u2019elle illumine un espace plus magnifique encore, qu\u2019elle d\u00e9ploie les chemins du souvenir de la v\u00f4tre, de qui vous \u00eates vraiment, derri\u00e8re les innombrables voiles nous maintenant dans la dualit\u00e9.<\/p>\n<p>De tout mon c\u0153ur, je vous l\u2019offre.<\/p>\n<p>(\u2026)<\/p>\n<p>La m\u00e9decine officielle nous a habitu\u00e9 \u00e0 penser que les maladies sont dues \u00e0 un virus, ou \u00e0 des bact\u00e9ries. Oui, bien s\u00fbr. Mais pourquoi avons nous \u00ab\u00a0attrap\u00e9\u00a0\u00bb ce virus, et pas notre voisin ? C\u2019est parce qu\u2019il existe des causes plus profondes, \u00e9nerg\u00e9tiques, \u00e9motionnelles ou spirituelles. <em>Personnelles.<\/em> C\u2019est l\u00e0 qu\u2019il faut agir\u00a0: en amont. Traiter le sympt\u00f4me ne suffit pas. D\u2019ailleurs la m\u00e9decine est d\u00e9munie devant certains cas. Elle essaie d\u2019aider ces patients \u00e0 l\u2019aide de traitements chimiques qui ne fonctionnent pas, et ont bien trop d\u2019effets secondaires d\u00e9l\u00e9t\u00e8res. Il en va de m\u00eame assez souvent dans l\u2019approche de la psychologie traditionnelle\u00a0: l\u2019\u00e9ventail n\u2019est pas assez ouvert. Si l\u2019on se prive, en raison de croyances limitantes, de l\u2019acc\u00e8s \u00e0 une source spirituelle ou \u00e0 une approche spatio-temporelle diff\u00e9rente de celle qui pr\u00e9vaut habituellement, on peut passer \u00e0 c\u00f4t\u00e9 de l\u2019origine du mal-\u00eatre, et tourner en rond pendant longtemps.<\/p>\n<p>C\u2019est en amont, encore une fois, dans cet espace pr\u00e9cis d\u2019une connexion avec des facettes de notre \u00eatre autres que la simple biologie ou le rapport \u00e0 Papa et Maman, des facettes secr\u00e8tes, inaccessibles en temps ordinaire, qui nous mettent parfois en lien avec le pur \u00ab\u00a0extraordinaire\u00a0\u00bb, que les th\u00e9rapeutes ayant acc\u00e8s au cach\u00e9, \u00e0 l\u2019inconnu, ceux qui laissent les grands soigneurs de l\u2019invisible diriger le soin, peuvent aider.<\/p>\n<p>Car lorsqu\u2019est trouv\u00e9e l\u2019origine premi\u00e8re, qu\u2019elle est mise en lumi\u00e8re, enfin peut s\u2019\u00e9panouir l\u2019ouverture \u00e0 la gu\u00e9rison. Si elle n\u2019est pas imm\u00e9diate, cet acc\u00e8s \u00e0 la v\u00e9rit\u00e9 permettra aux m\u00e9dicaments d\u2019agir bien plus efficacement. Une collaboration entre le m\u00e9decin et nous s\u2019installera, pour le bien des patients. Collaboration connue, ou pas, du m\u00e9decin, en fonction de son degr\u00e9 d\u2019ouverture, et donc de ce que le patient osera lui dire.<\/p>\n<p>(\u2026)<\/p>\n<p>(\u2026)<\/p>\n<p>Rien.<\/p>\n<p>Ne rien faire.<\/p>\n<p>\u00catre. Juste \u00eatre.<\/p>\n<p>\u00catre l\u00e0.<\/p>\n<p>Capter la transparence.<\/p>\n<p>Fluidit\u00e9 de l\u2019instant.<\/p>\n<p>Immobilit\u00e9.<\/p>\n<p>Suspension du temps.<\/p>\n<p>Silence.<\/p>\n<p>Recevoir l\u2019onde qui transperce.<\/p>\n<p>Le c\u0153ur s\u2019ouvre.<\/p>\n<p>Le c\u0153ur s\u2019ouvre.<\/p>\n<p>Le c\u0153ur s\u2019ouvre, si grand.<\/p>\n<p>Lumi\u00e8re.<\/p>\n<p>Flottement.<\/p>\n<p>Liquidit\u00e9.<\/p>\n<p>Le c\u0153ur se d\u00e9verse.<\/p>\n<p>Bonheur.<\/p>\n<p>Le c\u0153ur d\u00e9verse des flots de fleurs, de petits c\u0153urs, d\u2019\u00e9toiles, par brass\u00e9es, comme un dessin d\u2019enfant.<\/p>\n<p>Amour.<\/p>\n<p>Accueillir l\u2019onde, encore.<\/p>\n<p>Elle sait o\u00f9 aller. Doucement, elle ouvre ce qui \u00e9tait resserr\u00e9.<\/p>\n<p>Avec s\u00fbret\u00e9, elle trace son chemin, comme l\u2019eau soudainement afflue dans le lit d\u2019un torrent ass\u00e9ch\u00e9.<\/p>\n<p>L\u2019eau de vie qui gu\u00e9rit.<\/p>\n<p>L\u2019eau de vie qui sourit.<\/p>\n<p>Force.<\/p>\n<p>Mes mains pos\u00e9es sur une poitrine, un ventre, une t\u00eate, des pieds. Je suis l\u00e0.<\/p>\n<p>Tu peux t\u2019abandonner.<\/p>\n<p>Toi qui pleures en silence, laisse-moi te vider de ta peine.<\/p>\n<p>Toi qui contr\u00f4les tout car la souffrance t\u2019as rigidifi\u00e9, confie\u2013moi ta duret\u00e9.<\/p>\n<p>Toi qui as si froid dans ta solitude, laisse-moi te r\u00e9chauffer.<\/p>\n<p>Toi qui t\u2019es perdu en route, laisse-moi te guider.<\/p>\n<p>Comme un berger, je viens te chercher.<\/p>\n<p>Te ramener.<\/p>\n<p>Je t\u2019accompagne.<\/p>\n<p>En ce moment pr\u00e9cis, je te soigne.<\/p>\n<p>Solidit\u00e9.<\/p>\n<p>Dialogue.<\/p>\n<p>Mon corps et l\u2019onde d\u2019amour.<\/p>\n<p>L\u2019onde d\u2019amour dans ton corps.<\/p>\n<p>Mon \u00eatre. Le tien.<\/p>\n<p>Mon c\u0153ur et ton c\u0153ur, apais\u00e9.<\/p>\n<p>Ton corps, apais\u00e9.<\/p>\n<p>Ton \u00eatre pacifi\u00e9.<\/p>\n<p>(\u2026)<\/p>\n<p>Quand je re\u00e7ois de \u00ab\u00a0vrais\u00a0\u00bb nouveau-n\u00e9s, je me r\u00e9gale. Les tenir contre moi et caresser leur tout petit corps ti\u00e8de me comble. Je suis tellement touch\u00e9e par ce m\u00e9lange complexe d\u2019absolue innocence, de vuln\u00e9rabilit\u00e9, et de vouloir-vivre pulsionnel.<\/p>\n<p>Par leur impressionnante aspiration \u00e0 cro\u00eetre et \u00e0 se d\u00e9velopper. Par l\u2019extraordinaire instinct de vie et la dynamique universelle qui leur donnent la m\u00eame puissance qu\u2019\u00e0 la plante, \u00e0 la fleur ou \u00e0 l\u2019arbre. Par-dessus tout, au-travers de la sagesse que refl\u00e8te la profondeur de leur regard, par l\u2019inexprimable lien aux plans spirituels qui fait d\u2019eux des \u00eatres nous mettant ais\u00e9ment en union avec le sacr\u00e9.<\/p>\n<p>J\u2019eus la chance de revivre un jour l\u2019\u00e9tat d\u2019\u00eatre dans lequel j\u2019\u00e9tais plong\u00e9e, au fond de mon berceau.<\/p>\n<p>Je n\u2019\u00e9tais que bonheur.<\/p>\n<p>Extase, m\u00eame.<\/p>\n<p>Bonheur d\u2019\u00eatre.<\/p>\n<p>D\u2019exister.<\/p>\n<p>Dans la pr\u00e9sence de l\u2019instant.<\/p>\n<p>Je retrouvai dans ces instants miraculeux ce que nous donne Amma, la sainte indienne, lorsque nous prenant dans ses bras maternels elle nous relie \u00e0 la rivi\u00e8re d\u2019amour qui coule en elle.<\/p>\n<p>Sensation pure, en osmose avec ce b\u00e9b\u00e9 que j\u2019\u00e9tais, d\u2019\u00eatre irrigu\u00e9e par un flux d\u2019amour venant des plans de lumi\u00e8re, dont je n\u2019\u00e9tais absolument pas s\u00e9par\u00e9e.<\/p>\n<p>(\u2026)<\/p>\n<p>L\u2019une des toutes premi\u00e8res fois que j\u2019assistais au darshan de M\u00e8re Meera, la sainte indienne qui vit en Allemagne, je re\u00e7us une bien jolie explication, et c\u2019est une merveilleuse illustration du fait que les Ma\u00eetres forment une unit\u00e9.<\/p>\n<p>Accord\u00e9e au silence et \u00e0 la vibration sacr\u00e9e qui r\u00e8gnent dans la grande salle, je m\u00e9ditais. Malencontreusement, mon mental se mit en action. Des questions montaient, qui tournaient dans ma t\u00eate\u00a0: \u00ab\u00a0Quels sont les liens entre Marie, Amma, ou M\u00e8re Meera, ces grandes incarnations et repr\u00e9sentations de la m\u00e8re divine ? Quelles sont les concordances ? O\u00f9 sont les diff\u00e9rences ?\u00a0Ont-elles chacune un champ d\u2019action sp\u00e9cifique ? \u00bb Je me perdais dans des consid\u00e9rations bien humaines de comparaison, de classification, de sp\u00e9cialisation. De s\u00e9paration. Et g\u00e2chais la pr\u00e9cieuse et rare qualit\u00e9 de la pr\u00e9sence de M\u00e8re Meera.<\/p>\n<p>Une voix f\u00e9minine tr\u00e8s claire a r\u00e9sonn\u00e9 dans ma t\u00eate\u00a0: \u00ab\u00a0Nous sommes la m\u00eame\u00a0!\u00a0<em>\u00bb <\/em>Cet \u00e9claircissement si simple m\u2019a calm\u00e9e sur le champ. Depuis, je me pose beaucoup moins de questions.<\/p>\n<p>(\u2026)<\/p>\n<p>Toi que je regarde soudain, avec ma compassion qui s\u2019\u00e9veille, car mes mains pos\u00e9es sur ta matrice ont per\u00e7u une douleur qui m\u2019a alert\u00e9e.<\/p>\n<p>Toi que je vois, ta longue chevelure sombre flottant sur l\u2019oreiller, ton corps parfait drap\u00e9 dans la couverture blanche comme une statue antique.<\/p>\n<p>Fig\u00e9 dans une posture crisp\u00e9e.<\/p>\n<p>D\u00e9sol\u00e9e.<\/p>\n<p>Tes mains priv\u00e9es de l\u2019essentiel agrippant le matelas.<\/p>\n<p>Ta t\u00eate un peu pench\u00e9e laissant glisser sur ta joue p\u00e2le quelques perles de larmes.<\/p>\n<p>Toi que je contemple.<\/p>\n<p>Si belle.<\/p>\n<p>Ton corps, moul\u00e9 dans cette blancheur.<\/p>\n<p>Image id\u00e9ale de la femme.<\/p>\n<p>De la m\u00e8re.<\/p>\n<p>Celle qui avait enfant\u00e9.<\/p>\n<p>Qui incarnait l\u2019\u00e9panouissement.<\/p>\n<p>Tu es en cet instant l\u2019all\u00e9gorie de la douleur.<\/p>\n<p>Comment fais-tu pour vivre avec cela ?<\/p>\n<p>Mater dolorosa\u2026<\/p>\n<p>Toi que je comprends si bien.<\/p>\n<p>Ta peine fut ma peine.<\/p>\n<p>Ta peine est ma peine.<\/p>\n<p>Toujours nous devrons vivre avec elle.<\/p>\n<p>Mes larmes se joignent aux tiennes.<\/p>\n<p>Ils disent doucement\u00a0: \u00ab\u00a0Il y a longtemps, maintenant\u00a0\u00bb.<\/p>\n<p>Mais pour les m\u00e8res des enfants morts le temps n\u2019existe pas.<\/p>\n<p>L\u2019absence ne cesse jamais.<\/p>\n<p>La douleur nous maintient au pr\u00e9sent.<\/p>\n<p>Tapie au plus profond de nous dans un endroit secret, elle nous permet de croire qu\u2019elle a fini par c\u00e9der. Que tout est apais\u00e9. Qu\u2019il est possible de vivre comme si de rien n\u2019\u00e9tait.<\/p>\n<p>Mais toujours survient le rappel.<\/p>\n<p>Rien ne s\u2019efface jamais.<\/p>\n<p>De ma main s\u2019\u00e9coule alors une \u00e9nergie de miel qui ruisselle dans ton corps d\u00e9vast\u00e9, te remplit, te console.<\/p>\n<p>Quelque chose se passe.<\/p>\n<p>Ta t\u00eate se tourne, ton corps reprend son axe.<\/p>\n<p>Tu soupires.<\/p>\n<p>Un demi-sourire \u00e9claire \u00e0 pr\u00e9sent ton visage apais\u00e9.<\/p>\n<p>Je vois ta toute petite flotter juste au-dessus de toi.<\/p>\n<p>Elle est venue te visiter.<\/p>\n<p>Te donner sa douceur.<\/p>\n<p>T\u2019envelopper.<\/p>\n<p>Mots d\u2019amour. Instant de gr\u00e2ce.<\/p>\n<p>Quelques minutes d\u2019un tr\u00e9sor pur.<\/p>\n<p>Ta lumi\u00e8re se r\u00e9v\u00e8le.<\/p>\n<p>Toi, la Piet\u00e0 de tout \u00e0 l\u2019heure, tu es maintenant la M\u00e8re universelle.<\/p>\n","protected":false},"excerpt":{"rendered":"<p>J\u2019aurais pu appeler ce livre\u00a0: Exp\u00e9rience d\u2019une soigneuse, le retour. J\u2019ai pr\u00e9f\u00e9r\u00e9 Splendeur des \u00e2mes bless\u00e9es. Car ce titre refl\u00e8te ma r\u00e9alit\u00e9 quotidienne. Chaque jour, j\u2019entre en r\u00e9sonance avec les blessures profondes de ceux qui viennent chez moi pour recevoir &hellip; <a href=\"https:\/\/agnesstevenin.com\/index.php\/quelques-extraits-du-livre-splendeur-des-ames-blessees\/\">Lire la suite\u00ad\u00ad<\/a><\/p>\n","protected":false},"author":1,"featured_media":0,"parent":0,"menu_order":0,"comment_status":"closed","ping_status":"closed","template":"","meta":[],"_links":{"self":[{"href":"https:\/\/agnesstevenin.com\/index.php\/wp-json\/wp\/v2\/pages\/171"}],"collection":[{"href":"https:\/\/agnesstevenin.com\/index.php\/wp-json\/wp\/v2\/pages"}],"about":[{"href":"https:\/\/agnesstevenin.com\/index.php\/wp-json\/wp\/v2\/types\/page"}],"author":[{"embeddable":true,"href":"https:\/\/agnesstevenin.com\/index.php\/wp-json\/wp\/v2\/users\/1"}],"replies":[{"embeddable":true,"href":"https:\/\/agnesstevenin.com\/index.php\/wp-json\/wp\/v2\/comments?post=171"}],"version-history":[{"count":5,"href":"https:\/\/agnesstevenin.com\/index.php\/wp-json\/wp\/v2\/pages\/171\/revisions"}],"predecessor-version":[{"id":277,"href":"https:\/\/agnesstevenin.com\/index.php\/wp-json\/wp\/v2\/pages\/171\/revisions\/277"}],"wp:attachment":[{"href":"https:\/\/agnesstevenin.com\/index.php\/wp-json\/wp\/v2\/media?parent=171"}],"curies":[{"name":"wp","href":"https:\/\/api.w.org\/{rel}","templated":true}]}}