{"id":84,"date":"2018-09-03T22:39:15","date_gmt":"2018-09-03T20:39:15","guid":{"rendered":"http:\/\/agnesstevenin.com\/?page_id=84"},"modified":"2018-09-08T14:31:15","modified_gmt":"2018-09-08T12:31:15","slug":"2eme-livre-splendeur-des-ames-blessees","status":"publish","type":"page","link":"https:\/\/agnesstevenin.com\/index.php\/2eme-livre-splendeur-des-ames-blessees\/","title":{"rendered":"Livre : Splendeur des \u00e2mes bless\u00e9es"},"content":{"rendered":"<p><img loading=\"lazy\" class=\"size-full wp-image-86 alignleft\" src=\"http:\/\/agnesstevenin.com\/wp-content\/uploads\/2018\/09\/livre2-agnes-1.jpeg\" alt=\"\" width=\"179\" height=\"282\" \/><\/p>\n<ul>\n<li><strong><a href=\"http:\/\/agnesstevenin.com\/index.php\/splendeur-des-ames-blessees-mama-edition\/\">Splendeur des \u00e2mes bless\u00e9es &#8211; MAMA Editions<\/a><\/strong><\/li>\n<li><strong><a href=\"http:\/\/agnesstevenin.com\/index.php\/conferences-sur-splendeur-des-ames-blessees\/\">Conf\u00e9rences sur Splendeur des \u00e2mes bless\u00e9es<\/a><\/strong><\/li>\n<li><strong><a href=\"http:\/\/agnesstevenin.com\/index.php\/citations-presse-splendeur-des-ames-blessees\/\">Citations presse &#8211; Splendeur des \u00e2mes bless\u00e9es<\/a><\/strong><\/li>\n<li><strong><a href=\"http:\/\/agnesstevenin.com\/index.php\/quelques-extraits-du-livre-splendeur-des-ames-blessees\/\">Quelques extraits du livre &#8211; Splendeur des \u00e2mes bless\u00e9es<\/a><\/strong><\/li>\n<\/ul>\n<p>&nbsp;<\/p>\n","protected":false},"excerpt":{"rendered":"<p>Splendeur des \u00e2mes bless\u00e9es &#8211; MAMA Editions Conf\u00e9rences sur Splendeur des \u00e2mes bless\u00e9es Citations presse &#8211; Splendeur des \u00e2mes bless\u00e9es Quelques extraits du livre &#8211; Splendeur des \u00e2mes bless\u00e9es &nbsp;<\/p>\n","protected":false},"author":1,"featured_media":0,"parent":0,"menu_order":0,"comment_status":"closed","ping_status":"closed","template":"","meta":[],"_links":{"self":[{"href":"https:\/\/agnesstevenin.com\/index.php\/wp-json\/wp\/v2\/pages\/84"}],"collection":[{"href":"https:\/\/agnesstevenin.com\/index.php\/wp-json\/wp\/v2\/pages"}],"about":[{"href":"https:\/\/agnesstevenin.com\/index.php\/wp-json\/wp\/v2\/types\/page"}],"author":[{"embeddable":true,"href":"https:\/\/agnesstevenin.com\/index.php\/wp-json\/wp\/v2\/users\/1"}],"replies":[{"embeddable":true,"href":"https:\/\/agnesstevenin.com\/index.php\/wp-json\/wp\/v2\/comments?post=84"}],"version-history":[{"count":18,"href":"https:\/\/agnesstevenin.com\/index.php\/wp-json\/wp\/v2\/pages\/84\/revisions"}],"predecessor-version":[{"id":219,"href":"https:\/\/agnesstevenin.com\/index.php\/wp-json\/wp\/v2\/pages\/84\/revisions\/219"}],"wp:attachment":[{"href":"https:\/\/agnesstevenin.com\/index.php\/wp-json\/wp\/v2\/media?parent=84"}],"curies":[{"name":"wp","href":"https:\/\/api.w.org\/{rel}","templated":true}]}}